CRAN Package Check Results for Package tinyspotifyr

Last updated on 2022-07-03 05:50:04 CEST.

Flavor Version Tinstall Tcheck Ttotal Status Flags
r-devel-linux-x86_64-debian-clang 0.2.2 3.56 31.75 35.31 NOTE
r-devel-linux-x86_64-debian-gcc 0.2.2 2.94 24.80 27.74 NOTE
r-devel-linux-x86_64-fedora-clang 0.2.2 54.37 NOTE
r-devel-linux-x86_64-fedora-gcc 0.2.2 53.23 NOTE
r-devel-windows-x86_64 0.2.2 91.00 58.00 149.00 NOTE
r-patched-linux-x86_64 0.2.2 4.76 30.90 35.66 NOTE
r-release-linux-x86_64 0.2.2 3.49 31.14 34.63 NOTE
r-release-macos-arm64 0.2.2 21.00 NOTE
r-release-macos-x86_64 0.2.2 25.00 NOTE
r-release-windows-x86_64 0.2.2 92.00 63.00 155.00 NOTE
r-oldrel-macos-arm64 0.2.2 24.00 NOTE
r-oldrel-macos-x86_64 0.2.2 29.00 NOTE
r-oldrel-windows-ix86+x86_64 0.2.2 8.00 50.00 58.00 NOTE

Check Details

Version: 0.2.2
Check: LazyData
Result: NOTE
     'LazyData' is specified without a 'data' directory
Flavors: r-devel-linux-x86_64-debian-clang, r-devel-linux-x86_64-debian-gcc, r-devel-linux-x86_64-fedora-clang, r-devel-linux-x86_64-fedora-gcc, r-devel-windows-x86_64, r-patched-linux-x86_64, r-release-linux-x86_64, r-release-macos-arm64, r-release-macos-x86_64, r-release-windows-x86_64, r-oldrel-macos-arm64, r-oldrel-macos-x86_64, r-oldrel-windows-ix86+x86_64