CRAN Package Check Results for Package tinyarray

Last updated on 2021-12-03 11:52:06 CET.

Flavor Version Tinstall Tcheck Ttotal Status Flags
r-devel-linux-x86_64-debian-clang 2.2.7 35.96 306.91 342.87 OK
r-devel-linux-x86_64-debian-gcc 2.2.7 30.25 232.16 262.41 OK
r-devel-linux-x86_64-fedora-clang 2.2.7 444.18 NOTE
r-devel-linux-x86_64-fedora-gcc 2.2.7 410.63 NOTE
r-devel-windows-x86_64-new-UL 2.2.7 63.00 401.00 464.00 OK
r-devel-windows-x86_64-new-TK 2.2.7 NOTE
r-devel-windows-x86_64-old 2.2.7 42.00 278.00 320.00 OK
r-patched-linux-x86_64 2.2.7 30.63 287.21 317.84 OK
r-patched-solaris-x86 2.2.7 566.90 NOTE
r-release-linux-x86_64 2.2.7 30.71 290.73 321.44 OK
r-release-macos-arm64 2.2.7 NOTE
r-release-macos-x86_64 2.2.7 NOTE
r-release-windows-ix86+x86_64 2.2.7 73.00 376.00 449.00 OK
r-oldrel-macos-x86_64 2.2.7 ERROR
r-oldrel-windows-ix86+x86_64 2.2.7 71.00 316.00 387.00 OK

Check Details

Version: 2.2.7
Check: data for non-ASCII characters
Result: NOTE
     Note: found 2 marked UTF-8 strings
Flavors: r-devel-linux-x86_64-fedora-clang, r-devel-linux-x86_64-fedora-gcc, r-devel-windows-x86_64-new-TK, r-patched-solaris-x86, r-release-macos-arm64, r-release-macos-x86_64

Version: 2.2.7
Check: package dependencies
Result: ERROR
    Package required but not available: ‘clusterProfiler’
    
    See section ‘The DESCRIPTION file’ in the ‘Writing R Extensions’
    manual.
Flavor: r-oldrel-macos-x86_64