CRAN Package Check Results for Package timetree

Last updated on 2021-12-07 23:54:46 CET.

Flavor Version Tinstall Tcheck Ttotal Status Flags
r-devel-linux-x86_64-debian-clang 1.0 8.97 87.85 96.82 NOTE
r-devel-linux-x86_64-debian-gcc 1.0 8.19 68.95 77.14 NOTE
r-devel-linux-x86_64-fedora-clang 1.0 127.12 NOTE
r-devel-linux-x86_64-fedora-gcc 1.0 108.81 NOTE
r-devel-windows-x86_64-new-UL 1.0 16.00 123.00 139.00 NOTE
r-devel-windows-x86_64-new-TK 1.0 NOTE
r-devel-windows-x86_64-old 1.0 13.00 76.00 89.00 NOTE
r-patched-linux-x86_64 1.0 8.57 86.52 95.09 NOTE
r-release-linux-x86_64 1.0 9.15 86.18 95.33 NOTE
r-release-macos-arm64 1.0 NOTE
r-release-macos-x86_64 1.0 NOTE
r-release-windows-ix86+x86_64 1.0 13.00 98.00 111.00 NOTE
r-oldrel-macos-x86_64 1.0 NOTE
r-oldrel-windows-ix86+x86_64 1.0 20.00 104.00 124.00 NOTE

Check Details

Version: 1.0
Check: R code for possible problems
Result: NOTE
    author.search: no visible binding for global variable 'na.omit'
    reference.list: no visible global function definition for 'na.omit'
    Undefined global functions or variables:
     na.omit
    Consider adding
     importFrom("stats", "na.omit")
    to your NAMESPACE file.
Flavors: r-devel-linux-x86_64-debian-clang, r-devel-linux-x86_64-debian-gcc, r-devel-linux-x86_64-fedora-clang, r-devel-linux-x86_64-fedora-gcc, r-devel-windows-x86_64-new-UL, r-devel-windows-x86_64-new-TK, r-devel-windows-x86_64-old, r-patched-linux-x86_64, r-release-linux-x86_64, r-release-macos-arm64, r-release-macos-x86_64, r-release-windows-ix86+x86_64, r-oldrel-macos-x86_64, r-oldrel-windows-ix86+x86_64