CRAN Package Check Results for Package tidyxl

Last updated on 2021-09-20 04:58:44 CEST.

Flavor Version Tinstall Tcheck Ttotal Status Flags
r-devel-linux-x86_64-debian-clang 1.0.7 190.82 60.47 251.29 OK
r-devel-linux-x86_64-debian-gcc 1.0.7 117.68 45.83 163.51 OK
r-devel-linux-x86_64-fedora-clang 1.0.7 362.87 NOTE
r-devel-linux-x86_64-fedora-gcc 1.0.7 310.73 OK
r-devel-windows-x86_64 1.0.7 192.00 76.00 268.00 OK
r-devel-windows-x86_64-gcc10-UCRT 1.0.7 ERROR
r-patched-linux-x86_64 1.0.7 144.84 60.41 205.25 OK
r-patched-solaris-x86 1.0.7 290.90 OK
r-release-linux-x86_64 1.0.7 140.67 60.55 201.22 OK
r-release-macos-arm64 1.0.7 NOTE
r-release-macos-x86_64 1.0.7 NOTE
r-release-windows-ix86+x86_64 1.0.7 428.00 93.00 521.00 OK
r-oldrel-macos-x86_64 1.0.7 NOTE
r-oldrel-windows-ix86+x86_64 1.0.7 420.00 96.00 516.00 OK

Check Details

Version: 1.0.7
Check: installed package size
Result: NOTE
     installed size is 8.8Mb
     sub-directories of 1Mb or more:
     libs 7.8Mb
Flavors: r-devel-linux-x86_64-fedora-clang, r-release-macos-arm64, r-release-macos-x86_64, r-oldrel-macos-x86_64

Version: 1.0.7
Check: whether package can be installed
Result: ERROR
    Installation failed.
Flavor: r-devel-windows-x86_64-gcc10-UCRT