CRAN Package Check Results for Package tidytext

Last updated on 2024-06-14 05:58:42 CEST.

Flavor Version Tinstall Tcheck Ttotal Status Flags
r-devel-linux-x86_64-debian-clang 0.4.2 10.43 198.02 208.45 OK
r-devel-linux-x86_64-debian-gcc 0.4.2 0.65 1.87 2.52 ERROR
r-devel-linux-x86_64-fedora-clang 0.4.2 276.22 OK
r-devel-linux-x86_64-fedora-gcc 0.4.2 270.05 OK
r-devel-windows-x86_64 0.4.2 12.00 159.00 171.00 OK
r-patched-linux-x86_64 0.4.2 13.40 196.84 210.24 OK
r-release-linux-x86_64 0.4.2 12.46 192.92 205.38 OK
r-release-macos-arm64 0.4.2 84.00 OK
r-release-macos-x86_64 0.4.2 138.00 OK
r-release-windows-x86_64 0.4.2 13.00 165.00 178.00 OK
r-oldrel-macos-arm64 0.4.2 89.00 OK
r-oldrel-macos-x86_64 0.4.2 184.00 OK
r-oldrel-windows-x86_64 0.4.2 17.00 193.00 210.00 OK

Check Details

Version: 0.4.2
Check: package dependencies
Result: ERROR Packages required but not available: 'dplyr', 'purrr', 'stringr', 'tibble', 'vctrs' Packages suggested but not available for checking: 'broom', 'ggplot2', 'readr', 'reshape2', 'stm', 'testthat', 'textdata', 'tidyr', 'vdiffr' See section ‘The DESCRIPTION file’ in the ‘Writing R Extensions’ manual. Flavor: r-devel-linux-x86_64-debian-gcc