Last updated on 2023-03-23 04:53:36 CET.
Flavor | Version | Tinstall | Tcheck | Ttotal | Status | Flags |
---|---|---|---|---|---|---|
r-devel-linux-x86_64-debian-clang | 0.4.0 | 32.89 | 482.52 | 515.41 | OK | |
r-devel-linux-x86_64-debian-gcc | 0.4.0 | 27.21 | 355.65 | 382.86 | OK | |
r-devel-linux-x86_64-fedora-clang | 0.4.0 | 621.31 | NOTE | |||
r-devel-linux-x86_64-fedora-gcc | 0.4.0 | 597.42 | OK | |||
r-patched-linux-x86_64 | 0.4.0 | 33.34 | 450.94 | 484.28 | OK | |
r-release-linux-x86_64 | 0.4.0 | 26.41 | 413.19 | 439.60 | OK | |
r-release-macos-arm64 | 0.4.0 | 115.00 | OK | |||
r-release-macos-x86_64 | 0.4.0 | 165.00 | OK | |||
r-release-windows-x86_64 | 0.4.0 | 52.00 | 275.00 | 327.00 | OK | |
r-oldrel-macos-arm64 | 0.4.0 | 108.00 | OK | |||
r-oldrel-macos-x86_64 | 0.4.0 | 161.00 | OK | |||
r-oldrel-windows-ix86+x86_64 | 0.4.0 | 66.00 | 421.00 | 487.00 | OK |
Version: 0.4.0
Check: Rd cross-references
Result: NOTE
Undeclared package ‘vctrs’ in Rd xrefs
Flavor: r-devel-linux-x86_64-fedora-clang