CRAN Package Check Results for Package tidyseurat

Last updated on 2021-07-24 19:50:35 CEST.

Flavor Version Tinstall Tcheck Ttotal Status Flags
r-devel-linux-x86_64-debian-clang 0.2.0 26.49 257.79 284.28 OK
r-devel-linux-x86_64-debian-gcc 0.2.0 21.63 190.01 211.64 OK
r-devel-linux-x86_64-fedora-clang 0.2.0 343.85 OK
r-devel-linux-x86_64-fedora-gcc 0.2.0 327.03 OK
r-devel-windows-x86_64 0.2.0 29.00 222.00 251.00 OK
r-devel-windows-x86_64-gcc10-UCRT 0.2.0 OK
r-patched-linux-x86_64 0.2.0 26.22 238.87 265.09 OK
r-patched-solaris-x86 0.2.0 431.50 NOTE
r-release-linux-x86_64 0.2.0 22.81 241.06 263.87 OK
r-release-macos-arm64 0.2.0 NOTE
r-release-macos-x86_64 0.2.0 NOTE
r-release-windows-ix86+x86_64 0.2.0 59.00 217.00 276.00 OK
r-oldrel-macos-x86_64 0.2.0 NOTE
r-oldrel-windows-ix86+x86_64 0.2.0 16.00 7.00 23.00 ERROR

Check Details

Version: 0.2.0
Check: package dependencies
Result: NOTE
    Package suggested but not available for checking: ‘SingleR’
Flavors: r-patched-solaris-x86, r-release-macos-arm64, r-release-macos-x86_64, r-oldrel-macos-x86_64

Version: 0.2.0
Check: whether package can be installed
Result: ERROR
    Installation failed.
Flavor: r-oldrel-windows-ix86+x86_64