CRAN Package Check Results for Package tidync

Last updated on 2021-09-20 04:58:44 CEST.

Flavor Version Tinstall Tcheck Ttotal Status Flags
r-devel-linux-x86_64-debian-clang 0.2.4 4.34 75.43 79.77 NOTE
r-devel-linux-x86_64-debian-gcc 0.2.4 4.03 56.01 60.04 NOTE
r-devel-linux-x86_64-fedora-clang 0.2.4 100.91 NOTE
r-devel-linux-x86_64-fedora-gcc 0.2.4 88.87 NOTE
r-devel-windows-x86_64 0.2.4 8.00 77.00 85.00 NOTE
r-devel-windows-x86_64-gcc10-UCRT 0.2.4 ERROR
r-patched-linux-x86_64 0.2.4 4.96 68.74 73.70 NOTE
r-patched-solaris-x86 0.2.4 125.30 NOTE
r-release-linux-x86_64 0.2.4 5.45 69.16 74.61 NOTE
r-release-macos-arm64 0.2.4 NOTE
r-release-macos-x86_64 0.2.4 NOTE
r-release-windows-ix86+x86_64 0.2.4 12.00 70.00 82.00 NOTE
r-oldrel-macos-x86_64 0.2.4 OK
r-oldrel-windows-ix86+x86_64 0.2.4 13.00 71.00 84.00 OK

Check Details

Version: 0.2.4
Check: LazyData
Result: NOTE
     'LazyData' is specified without a 'data' directory
Flavors: r-devel-linux-x86_64-debian-clang, r-devel-linux-x86_64-debian-gcc, r-devel-linux-x86_64-fedora-clang, r-devel-linux-x86_64-fedora-gcc, r-devel-windows-x86_64, r-devel-windows-x86_64-gcc10-UCRT, r-patched-linux-x86_64, r-patched-solaris-x86, r-release-linux-x86_64, r-release-macos-arm64, r-release-macos-x86_64, r-release-windows-ix86+x86_64

Version: 0.2.4
Check: whether package can be installed
Result: WARN
    Found the following significant warnings:
     WARNING: installation-time patches will not be applied, could not get the patches index
Flavor: r-devel-windows-x86_64-gcc10-UCRT

Version: 0.2.4
Check: PDF version of manual
Result: WARN
    LaTeX errors when creating PDF version.
    This typically indicates Rd problems.
Flavor: r-devel-windows-x86_64-gcc10-UCRT

Version: 0.2.4
Check: PDF version of manual without hyperrefs or index
Result: ERROR
    Re-running with no redirection of stdout/stderr.
Flavor: r-devel-windows-x86_64-gcc10-UCRT