CRAN Package Check Results for Package tidylda

Last updated on 2022-01-23 12:59:56 CET.

Flavor Version Tinstall Tcheck Ttotal Status Flags
r-devel-linux-x86_64-debian-clang 0.0.2 46.77 116.43 163.20 OK
r-devel-linux-x86_64-debian-gcc 0.0.2 42.28 98.84 141.12 OK
r-devel-linux-x86_64-fedora-clang 0.0.2 216.10 NOTE
r-devel-linux-x86_64-fedora-gcc 0.0.2 196.98 OK
r-devel-windows-x86_64-new-UL 0.0.2 86.00 162.00 248.00 OK
r-devel-windows-x86_64-new-TK 0.0.2 OK
r-patched-linux-x86_64 0.0.2 44.55 110.34 154.89 OK
r-release-linux-x86_64 0.0.2 42.54 111.40 153.94 OK
r-release-macos-arm64 0.0.2 OK
r-release-macos-x86_64 0.0.2 OK
r-release-windows-ix86+x86_64 0.0.2 113.00 197.00 310.00 OK
r-oldrel-macos-x86_64 0.0.2 OK
r-oldrel-windows-ix86+x86_64 0.0.2 113.00 199.00 312.00 OK

Check Details

Version: 0.0.2
Check: Rd cross-references
Result: NOTE
    Undeclared package ‘slam’ in Rd xrefs
Flavor: r-devel-linux-x86_64-fedora-clang