Last updated on 2022-08-19 09:52:28 CEST.
Flavor | Version | Tinstall | Tcheck | Ttotal | Status | Flags |
---|---|---|---|---|---|---|
r-devel-linux-x86_64-debian-clang | 0.2.1 | 17.91 | 53.23 | 71.14 | NOTE | |
r-devel-linux-x86_64-debian-gcc | 0.2.1 | 14.15 | 38.21 | 52.36 | NOTE | |
r-devel-linux-x86_64-fedora-clang | 0.2.1 | 102.75 | NOTE | |||
r-devel-linux-x86_64-fedora-gcc | 0.2.1 | 93.34 | NOTE | |||
r-devel-windows-x86_64 | 0.2.1 | 40.00 | 91.00 | 131.00 | NOTE | |
r-patched-linux-x86_64 | 0.2.1 | 15.57 | 48.74 | 64.31 | NOTE | |
r-release-linux-x86_64 | 0.2.1 | NOTE | ||||
r-release-macos-arm64 | 0.2.1 | 27.00 | NOTE | |||
r-release-macos-x86_64 | 0.2.1 | 38.00 | NOTE | |||
r-release-windows-x86_64 | 0.2.1 | 38.00 | 94.00 | 132.00 | NOTE | |
r-oldrel-macos-arm64 | 0.2.1 | 37.00 | NOTE | |||
r-oldrel-macos-x86_64 | 0.2.1 | 46.00 | NOTE | |||
r-oldrel-windows-ix86+x86_64 | 0.2.1 | 46.00 | 109.00 | 155.00 | NOTE |
Version: 0.2.1
Check: LazyData
Result: NOTE
'LazyData' is specified without a 'data' directory
Flavors: r-devel-linux-x86_64-debian-clang, r-devel-linux-x86_64-debian-gcc, r-devel-linux-x86_64-fedora-clang, r-devel-linux-x86_64-fedora-gcc, r-devel-windows-x86_64, r-patched-linux-x86_64, r-release-linux-x86_64, r-release-macos-arm64, r-release-macos-x86_64, r-release-windows-x86_64, r-oldrel-macos-arm64, r-oldrel-macos-x86_64, r-oldrel-windows-ix86+x86_64