CRAN Package Check Results for Package threeBrain

Last updated on 2021-08-01 19:51:49 CEST.

Flavor Version Tinstall Tcheck Ttotal Status Flags
r-devel-linux-x86_64-debian-clang 0.2.0 19.77 53.99 73.76 OK
r-devel-linux-x86_64-debian-gcc 0.2.0 15.20 41.49 56.69 OK
r-devel-linux-x86_64-fedora-clang 0.2.0 100.29 OK
r-devel-linux-x86_64-fedora-gcc 0.2.0 93.03 OK
r-devel-windows-x86_64 0.2.0 33.00 70.00 103.00 OK
r-devel-windows-x86_64-gcc10-UCRT 0.2.0 OK
r-patched-linux-x86_64 0.2.0 OK
r-patched-solaris-x86 0.2.0 114.10 OK
r-release-linux-x86_64 0.2.0 18.85 53.57 72.42 OK
r-release-macos-arm64 0.2.0 OK
r-release-macos-x86_64 0.2.0 OK
r-release-windows-ix86+x86_64 0.1.9 35.00 54.00 89.00 NOTE
r-oldrel-macos-x86_64 0.2.0 OK
r-oldrel-windows-ix86+x86_64 0.2.0 26.00 51.00 77.00 OK

Additional issues

donttest

Check Details

Version: 0.1.9
Check: LazyData
Result: NOTE
     'LazyData' is specified without a 'data' directory
Flavor: r-release-windows-ix86+x86_64