CRAN Package Check Results for Package thorn

Last updated on 2022-08-19 21:51:10 CEST.

Flavor Version Tinstall Tcheck Ttotal Status Flags
r-devel-linux-x86_64-debian-clang 0.2.0 2.67 28.01 30.68 NOTE
r-devel-linux-x86_64-debian-gcc 0.2.0 2.08 21.79 23.87 NOTE
r-devel-linux-x86_64-fedora-clang 0.2.0 47.10 NOTE
r-devel-linux-x86_64-fedora-gcc 0.2.0 46.11 NOTE
r-devel-windows-x86_64 0.2.0 9.00 52.00 61.00 NOTE
r-patched-linux-x86_64 0.2.0 2.70 27.43 30.13 NOTE
r-release-linux-x86_64 0.2.0 NOTE
r-release-macos-arm64 0.2.0 17.00 NOTE
r-release-macos-x86_64 0.2.0 22.00 NOTE
r-release-windows-x86_64 0.2.0 7.00 54.00 61.00 NOTE
r-oldrel-macos-arm64 0.2.0 20.00 NOTE
r-oldrel-macos-x86_64 0.2.0 26.00 NOTE
r-oldrel-windows-ix86+x86_64 0.2.0 7.00 52.00 59.00 NOTE

Check Details

Version: 0.2.0
Check: LazyData
Result: NOTE
     'LazyData' is specified without a 'data' directory
Flavors: r-devel-linux-x86_64-debian-clang, r-devel-linux-x86_64-debian-gcc, r-devel-linux-x86_64-fedora-clang, r-devel-linux-x86_64-fedora-gcc, r-devel-windows-x86_64, r-patched-linux-x86_64, r-release-linux-x86_64, r-release-macos-arm64, r-release-macos-x86_64, r-release-windows-x86_64, r-oldrel-macos-arm64, r-oldrel-macos-x86_64, r-oldrel-windows-ix86+x86_64