CRAN Package Check Results for Package tgp

Last updated on 2021-09-23 04:56:50 CEST.

Flavor Version Tinstall Tcheck Ttotal Status Flags
r-devel-linux-x86_64-debian-clang 2.4-17 31.18 57.78 88.96 OK --no-vignettes
r-devel-linux-x86_64-debian-gcc 2.4-17 20.40 43.64 64.04 OK --no-vignettes
r-devel-linux-x86_64-fedora-clang 2.4-17 140.96 NOTE --no-vignettes
r-devel-linux-x86_64-fedora-gcc 2.4-17 106.10 OK --no-vignettes
r-devel-windows-x86_64 2.4-17 43.00 49.00 92.00 OK --no-examples --no-tests --no-vignettes
r-devel-windows-x86_64-gcc10-UCRT 2.4-17 ERROR --no-vignettes
r-patched-linux-x86_64 2.4-17 28.12 56.92 85.04 OK --no-vignettes
r-patched-solaris-x86 2.4-17 157.40 OK --no-vignettes
r-release-linux-x86_64 2.4-17 28.23 56.77 85.00 OK --no-vignettes
r-release-macos-arm64 2.4-17 NOTE --no-vignettes
r-release-macos-x86_64 2.4-17 OK --no-vignettes
r-release-windows-ix86+x86_64 2.4-17 87.00 57.00 144.00 NOTE --no-examples --no-tests --no-vignettes
r-oldrel-macos-x86_64 2.4-17 OK --no-vignettes
r-oldrel-windows-ix86+x86_64 2.4-17 68.00 57.00 125.00 NOTE --no-examples --no-tests --no-vignettes

Check Details

Version: 2.4-17
Flags: --no-vignettes
Check: Rd cross-references
Result: NOTE
    Undeclared package ‘akima’ in Rd xrefs
Flavor: r-devel-linux-x86_64-fedora-clang

Version: 2.4-17
Flags: --no-vignettes
Check: whether package can be installed
Result: ERROR
    Installation failed.
Flavor: r-devel-windows-x86_64-gcc10-UCRT

Version: 2.4-17
Flags: --no-vignettes
Check: installed package size
Result: NOTE
     installed size is 5.1Mb
     sub-directories of 1Mb or more:
     doc 2.8Mb
     libs 1.9Mb
Flavor: r-release-macos-arm64

Version: 2.4-17
Flags: --no-examples --no-tests --no-vignettes
Check: installed package size
Result: NOTE
     installed size is 5.4Mb
     sub-directories of 1Mb or more:
     doc 2.8Mb
     libs 2.2Mb
Flavors: r-release-windows-ix86+x86_64, r-oldrel-windows-ix86+x86_64