CRAN Package Check Results for Package tfruns

Last updated on 2022-08-11 21:50:18 CEST.

Flavor Version Tinstall Tcheck Ttotal Status Flags
r-devel-linux-x86_64-debian-clang 1.5.0 2.90 43.72 46.62 NOTE
r-devel-linux-x86_64-debian-gcc 1.5.0 3.40 33.53 36.93 NOTE
r-devel-linux-x86_64-fedora-clang 1.5.0 70.93 NOTE
r-devel-linux-x86_64-fedora-gcc 1.5.0 68.89 NOTE
r-devel-windows-x86_64 1.5.0 28.00 104.00 132.00 NOTE
r-patched-linux-x86_64 1.5.0 5.77 42.31 48.08 NOTE
r-release-linux-x86_64 1.5.0 4.16 42.00 46.16 NOTE
r-release-macos-arm64 1.5.0 49.00 NOTE
r-release-macos-x86_64 1.5.0 53.00 NOTE
r-release-windows-x86_64 1.5.0 7.00 107.00 114.00 NOTE
r-oldrel-macos-arm64 1.5.0 51.00 NOTE
r-oldrel-macos-x86_64 1.5.0 61.00 NOTE
r-oldrel-windows-ix86+x86_64 1.5.0 9.00 89.00 98.00 NOTE

Check Details

Version: 1.5.0
Check: LazyData
Result: NOTE
     'LazyData' is specified without a 'data' directory
Flavors: r-devel-linux-x86_64-debian-clang, r-devel-linux-x86_64-debian-gcc, r-devel-linux-x86_64-fedora-clang, r-devel-linux-x86_64-fedora-gcc, r-devel-windows-x86_64, r-patched-linux-x86_64, r-release-linux-x86_64, r-release-macos-arm64, r-release-macos-x86_64, r-release-windows-x86_64, r-oldrel-macos-arm64, r-oldrel-macos-x86_64, r-oldrel-windows-ix86+x86_64

Version: 1.5.0
Check: HTML version of manual
Result: NOTE
    Found the following HTML validation problems:
    write_run_metadata.html:106:67: Warning: inserting implicit <p>
    write_run_metadata.html:106:67: Warning: trimming empty <p>
Flavors: r-devel-linux-x86_64-debian-clang, r-devel-linux-x86_64-debian-gcc