CRAN Package Check Results for Package tfarima

Last updated on 2022-01-19 00:46:39 CET.

Flavor Version Tinstall Tcheck Ttotal Status Flags
r-devel-linux-x86_64-debian-clang 0.2.1 190.55 70.69 261.24 OK
r-devel-linux-x86_64-debian-gcc 0.2.1 153.08 53.67 206.75 OK
r-devel-linux-x86_64-fedora-clang 0.2.1 443.77 NOTE
r-devel-linux-x86_64-fedora-gcc 0.2.1 357.17 OK
r-devel-windows-x86_64-new-UL 0.2.1 216.00 134.00 350.00 OK
r-devel-windows-x86_64-new-TK 0.2.1 OK
r-patched-linux-x86_64 0.2.1 181.44 69.48 250.92 OK
r-release-linux-x86_64 0.2.1 OK
r-release-macos-arm64 0.2.1 NOTE
r-release-macos-x86_64 0.2.1 NOTE
r-release-windows-ix86+x86_64 0.2.1 505.00 120.00 625.00 OK
r-oldrel-macos-x86_64 0.2.1 NOTE
r-oldrel-windows-ix86+x86_64 0.2.1 506.00 117.00 623.00 OK

Check Details

Version: 0.2.1
Check: installed package size
Result: NOTE
     installed size is 6.9Mb
     sub-directories of 1Mb or more:
     libs 6.1Mb
Flavors: r-devel-linux-x86_64-fedora-clang, r-release-macos-arm64, r-release-macos-x86_64, r-oldrel-macos-x86_64