CRAN Package Check Results for Package textTinyR

Last updated on 2022-01-27 00:50:39 CET.

Flavor Version Tinstall Tcheck Ttotal Status Flags
r-devel-linux-x86_64-debian-clang 1.1.7 133.98 154.60 288.58 OK
r-devel-linux-x86_64-debian-gcc 1.1.7 101.95 124.79 226.74 OK
r-devel-linux-x86_64-fedora-clang 1.1.7 410.99 NOTE
r-devel-linux-x86_64-fedora-gcc 1.1.7 376.02 OK
r-devel-windows-x86_64-new-UL 1.1.7 285.00 212.00 497.00 OK
r-devel-windows-x86_64-new-TK 1.1.7 OK
r-patched-linux-x86_64 1.1.7 119.61 147.49 267.10 OK
r-release-linux-x86_64 1.1.7 118.99 140.83 259.82 OK
r-release-macos-arm64 1.1.7 NOTE
r-release-macos-x86_64 1.1.7 NOTE
r-release-windows-ix86+x86_64 1.1.7 281.00 228.00 509.00 NOTE
r-oldrel-macos-x86_64 1.1.7 NOTE
r-oldrel-windows-ix86+x86_64 1.1.7 281.00 228.00 509.00 NOTE

Check Details

Version: 1.1.7
Check: installed package size
Result: NOTE
     installed size is 13.9Mb
     sub-directories of 1Mb or more:
     libs 12.3Mb
Flavors: r-devel-linux-x86_64-fedora-clang, r-release-macos-arm64, r-release-macos-x86_64, r-release-windows-ix86+x86_64, r-oldrel-macos-x86_64, r-oldrel-windows-ix86+x86_64