CRAN Package Check Results for Package textTinyR

Last updated on 2021-05-10 05:47:59 CEST.

Flavor Version Tinstall Tcheck Ttotal Status Flags
r-devel-linux-x86_64-debian-clang 1.1.4 132.09 147.42 279.51 OK
r-devel-linux-x86_64-debian-gcc 1.1.4 102.51 117.17 219.68 OK
r-devel-linux-x86_64-fedora-clang 1.1.4 392.51 NOTE
r-devel-linux-x86_64-fedora-gcc 1.1.4 388.25 OK
r-devel-windows-ix86+x86_64 1.1.4 292.00 242.00 534.00 NOTE
r-devel-windows-x86_64-gcc10-UCRT 1.1.4 OK
r-patched-linux-x86_64 1.1.4 114.85 137.16 252.01 OK
r-patched-solaris-x86 1.1.4 423.70 OK
r-release-linux-x86_64 1.1.4 122.84 138.55 261.39 OK
r-release-macos-x86_64 1.1.4 NOTE
r-release-windows-ix86+x86_64 1.1.3 198.00 174.00 372.00 NOTE
r-oldrel-macos-x86_64 1.1.4 NOTE
r-oldrel-windows-ix86+x86_64 1.1.3 263.00 225.00 488.00 OK

Check Details

Version: 1.1.4
Check: installed package size
Result: NOTE
     installed size is 14.2Mb
     sub-directories of 1Mb or more:
     libs 12.6Mb
Flavors: r-devel-linux-x86_64-fedora-clang, r-devel-windows-ix86+x86_64, r-release-macos-x86_64, r-oldrel-macos-x86_64

Version: 1.1.3
Check: installed package size
Result: NOTE
     installed size is 5.1Mb
     sub-directories of 1Mb or more:
     libs 3.7Mb
Flavor: r-release-windows-ix86+x86_64