CRAN Package Check Results for Package terrainmeshr

Last updated on 2021-09-18 05:02:48 CEST.

Flavor Version Tinstall Tcheck Ttotal Status Flags
r-devel-linux-x86_64-debian-clang 0.1.0 36.40 27.09 63.49 NOTE
r-devel-linux-x86_64-debian-gcc 0.1.0 22.20 21.12 43.32 NOTE
r-devel-linux-x86_64-fedora-clang 0.1.0 95.81 NOTE
r-devel-linux-x86_64-fedora-gcc 0.1.0 73.85 NOTE
r-devel-windows-x86_64 0.1.0 35.00 55.00 90.00 NOTE
r-devel-windows-x86_64-gcc10-UCRT 0.1.0 NOTE
r-patched-linux-x86_64 0.1.0 25.21 26.31 51.52 NOTE
r-patched-solaris-x86 0.1.0 85.20 NOTE
r-release-linux-x86_64 0.1.0 25.49 26.32 51.81 NOTE
r-release-macos-arm64 0.1.0 NOTE
r-release-macos-x86_64 0.1.0 NOTE
r-release-windows-ix86+x86_64 0.1.0 82.00 52.00 134.00 NOTE
r-oldrel-macos-x86_64 0.1.0 OK
r-oldrel-windows-ix86+x86_64 0.1.0 81.00 53.00 134.00 OK

Check Details

Version: 0.1.0
Check: LazyData
Result: NOTE
     'LazyData' is specified without a 'data' directory
Flavors: r-devel-linux-x86_64-debian-clang, r-devel-linux-x86_64-debian-gcc, r-devel-linux-x86_64-fedora-clang, r-devel-linux-x86_64-fedora-gcc, r-devel-windows-x86_64, r-devel-windows-x86_64-gcc10-UCRT, r-patched-linux-x86_64, r-patched-solaris-x86, r-release-linux-x86_64, r-release-macos-arm64, r-release-macos-x86_64, r-release-windows-ix86+x86_64