CRAN Package Check Results for Package terrainmeshr

Last updated on 2021-12-03 23:50:16 CET.

Flavor Version Tinstall Tcheck Ttotal Status Flags
r-devel-linux-x86_64-debian-clang 0.1.0 32.19 25.66 57.85 NOTE
r-devel-linux-x86_64-debian-gcc 0.1.0 20.89 20.48 41.37 NOTE
r-devel-linux-x86_64-fedora-clang 0.1.0 105.97 NOTE
r-devel-linux-x86_64-fedora-gcc 0.1.0 74.85 NOTE
r-devel-windows-x86_64-new-UL 0.1.0 44.00 83.00 127.00 NOTE
r-devel-windows-x86_64-new-TK 0.1.0 NOTE
r-devel-windows-x86_64-old 0.1.0 41.00 42.00 83.00 NOTE
r-patched-linux-x86_64 0.1.0 25.83 24.76 50.59 NOTE
r-release-linux-x86_64 0.1.0 27.34 24.96 52.30 NOTE
r-release-macos-arm64 0.1.0 NOTE
r-release-macos-x86_64 0.1.0 NOTE
r-release-windows-ix86+x86_64 0.1.0 82.00 68.00 150.00 NOTE
r-oldrel-macos-x86_64 0.1.0 OK
r-oldrel-windows-ix86+x86_64 0.1.0 83.00 65.00 148.00 OK

Check Details

Version: 0.1.0
Check: LazyData
Result: NOTE
     'LazyData' is specified without a 'data' directory
Flavors: r-devel-linux-x86_64-debian-clang, r-devel-linux-x86_64-debian-gcc, r-devel-linux-x86_64-fedora-clang, r-devel-linux-x86_64-fedora-gcc, r-devel-windows-x86_64-new-UL, r-devel-windows-x86_64-new-TK, r-devel-windows-x86_64-old, r-patched-linux-x86_64, r-release-linux-x86_64, r-release-macos-arm64, r-release-macos-x86_64, r-release-windows-ix86+x86_64