CRAN Package Check Results for Package tergm

Last updated on 2021-09-23 04:56:50 CEST.

Flavor Version Tinstall Tcheck Ttotal Status Flags
r-devel-linux-x86_64-debian-clang 4.0.2 24.14 428.21 452.35 OK --no-vignettes
r-devel-linux-x86_64-debian-gcc 4.0.2 19.56 314.86 334.42 OK --no-vignettes
r-devel-linux-x86_64-fedora-clang 4.0.2 520.84 OK
r-devel-linux-x86_64-fedora-gcc 4.0.2 517.83 OK
r-devel-windows-x86_64 4.0.2 29.00 296.00 325.00 OK --no-vignettes
r-devel-windows-x86_64-gcc10-UCRT 4.0.2 ERROR --no-vignettes
r-patched-linux-x86_64 4.0.2 27.61 394.45 422.06 OK --no-vignettes
r-patched-solaris-x86 4.0.2 749.70 OK
r-release-linux-x86_64 4.0.2 20.34 395.47 415.81 OK --no-vignettes
r-release-macos-arm64 4.0.2 OK
r-release-macos-x86_64 4.0.2 OK
r-release-windows-ix86+x86_64 4.0.2 61.00 510.00 571.00 OK --no-vignettes
r-oldrel-macos-x86_64 4.0.2 OK
r-oldrel-windows-ix86+x86_64 4.0.2 44.00 561.00 605.00 OK --no-vignettes

Check Details

Version: 4.0.2
Flags: --no-vignettes
Check: whether package can be installed
Result: ERROR
    Installation failed.
Flavor: r-devel-windows-x86_64-gcc10-UCRT