CRAN Package Check Results for Package tensr

Last updated on 2022-01-24 12:52:26 CET.

Flavor Version Tinstall Tcheck Ttotal Status Flags
r-devel-linux-x86_64-debian-clang 1.0.1 3.97 226.36 230.33 NOTE
r-devel-linux-x86_64-debian-gcc 1.0.1 2.86 161.08 163.94 NOTE
r-devel-linux-x86_64-fedora-clang 1.0.1 282.07 NOTE
r-devel-linux-x86_64-fedora-gcc 1.0.1 257.96 NOTE
r-devel-windows-x86_64-new-UL 1.0.1 41.00 225.00 266.00 NOTE
r-devel-windows-x86_64-new-TK 1.0.1 NOTE
r-patched-linux-x86_64 1.0.1 4.27 212.44 216.71 NOTE
r-release-linux-x86_64 1.0.1 3.56 214.74 218.30 NOTE
r-release-macos-arm64 1.0.1 NOTE
r-release-macos-x86_64 1.0.1 NOTE
r-release-windows-ix86+x86_64 1.0.1 7.00 258.00 265.00 NOTE
r-oldrel-macos-x86_64 1.0.1 OK
r-oldrel-windows-ix86+x86_64 1.0.1 7.00 261.00 268.00 OK

Check Details

Version: 1.0.1
Check: LazyData
Result: NOTE
     'LazyData' is specified without a 'data' directory
Flavors: r-devel-linux-x86_64-debian-clang, r-devel-linux-x86_64-debian-gcc, r-devel-linux-x86_64-fedora-clang, r-devel-linux-x86_64-fedora-gcc, r-devel-windows-x86_64-new-UL, r-devel-windows-x86_64-new-TK, r-patched-linux-x86_64, r-release-linux-x86_64, r-release-macos-arm64, r-release-macos-x86_64, r-release-windows-ix86+x86_64