CRAN Package Check Results for Package tensorr

Last updated on 2023-02-05 04:51:23 CET.

Flavor Version Tinstall Tcheck Ttotal Status Flags
r-devel-linux-x86_64-debian-clang 0.1.1 17.68 107.83 125.51 NOTE
r-devel-linux-x86_64-debian-gcc 0.1.1 13.22 80.54 93.76 NOTE
r-devel-linux-x86_64-fedora-clang 0.1.1 155.04 NOTE
r-devel-linux-x86_64-fedora-gcc 0.1.1 165.68 NOTE
r-devel-windows-x86_64 0.1.1 60.00 141.00 201.00 NOTE
r-patched-linux-x86_64 0.1.1 14.72 97.76 112.48 NOTE
r-release-linux-x86_64 0.1.1 13.75 98.70 112.45 NOTE
r-release-macos-arm64 0.1.1 39.00 NOTE
r-release-macos-x86_64 0.1.1 59.00 NOTE
r-release-windows-x86_64 0.1.1 65.00 139.00 204.00 NOTE
r-oldrel-macos-arm64 0.1.1 47.00 NOTE
r-oldrel-macos-x86_64 0.1.1 82.00 NOTE
r-oldrel-windows-ix86+x86_64 0.1.1 32.00 128.00 160.00 NOTE

Check Details

Version: 0.1.1
Check: LazyData
Result: NOTE
     'LazyData' is specified without a 'data' directory
Flavors: r-devel-linux-x86_64-debian-clang, r-devel-linux-x86_64-debian-gcc, r-devel-linux-x86_64-fedora-clang, r-devel-linux-x86_64-fedora-gcc, r-devel-windows-x86_64, r-patched-linux-x86_64, r-release-linux-x86_64, r-release-macos-arm64, r-release-macos-x86_64, r-release-windows-x86_64, r-oldrel-macos-arm64, r-oldrel-macos-x86_64, r-oldrel-windows-ix86+x86_64