CRAN Package Check Results for Package tenispolaR

Last updated on 2021-07-29 07:49:52 CEST.

Flavor Version Tinstall Tcheck Ttotal Status Flags
r-devel-linux-x86_64-debian-clang 0.1.4 NOTE
r-devel-linux-x86_64-debian-gcc 0.1.4 1.48 18.52 20.00 NOTE
r-devel-linux-x86_64-fedora-clang 0.1.4 39.91 NOTE
r-devel-linux-x86_64-fedora-gcc 0.1.4 28.80 NOTE
r-devel-windows-x86_64 0.1.4 2.00 39.00 41.00 NOTE
r-devel-windows-x86_64-gcc10-UCRT 0.1.4 NOTE
r-patched-linux-x86_64 0.1.4 1.51 22.54 24.05 NOTE
r-patched-solaris-x86 0.1.4 49.00 NOTE
r-release-linux-x86_64 0.1.4 1.73 22.61 24.34 NOTE
r-release-macos-arm64 0.1.4 NOTE
r-release-macos-x86_64 0.1.4 NOTE
r-release-windows-ix86+x86_64 0.1.4 4.00 39.00 43.00 NOTE
r-oldrel-macos-x86_64 0.1.4 OK
r-oldrel-windows-ix86+x86_64 0.1.4 4.00 40.00 44.00 OK

Check Details

Version: 0.1.4
Check: LazyData
Result: NOTE
     'LazyData' is specified without a 'data' directory
Flavors: r-devel-linux-x86_64-debian-clang, r-devel-linux-x86_64-debian-gcc, r-devel-linux-x86_64-fedora-clang, r-devel-linux-x86_64-fedora-gcc, r-devel-windows-x86_64, r-devel-windows-x86_64-gcc10-UCRT, r-patched-linux-x86_64, r-patched-solaris-x86, r-release-linux-x86_64, r-release-macos-arm64, r-release-macos-x86_64, r-release-windows-ix86+x86_64