Last updated on 2022-05-24 02:52:53 CEST.
Flavor | Version | Tinstall | Tcheck | Ttotal | Status | Flags |
---|---|---|---|---|---|---|
r-devel-linux-x86_64-debian-clang | 0.2.2 | 11.57 | 105.72 | 117.29 | OK | |
r-devel-linux-x86_64-debian-gcc | 0.2.2 | 9.07 | 77.05 | 86.12 | OK | |
r-devel-linux-x86_64-fedora-clang | 0.2.2 | 131.86 | NOTE | |||
r-devel-linux-x86_64-fedora-gcc | 0.2.2 | 120.41 | NOTE | |||
r-devel-windows-x86_64 | 0.2.2 | 58.00 | 133.00 | 191.00 | OK | |
r-patched-linux-x86_64 | 0.2.2 | 19.38 | 96.09 | 115.47 | OK | |
r-release-linux-x86_64 | 0.2.2 | OK | ||||
r-release-macos-arm64 | 0.2.2 | 37.00 | NOTE | |||
r-release-macos-x86_64 | 0.2.2 | 60.00 | NOTE | |||
r-release-windows-x86_64 | 0.2.2 | 67.00 | 131.00 | 198.00 | OK | |
r-oldrel-macos-arm64 | 0.2.2 | 37.00 | NOTE | |||
r-oldrel-macos-x86_64 | 0.2.2 | 45.00 | NOTE | |||
r-oldrel-windows-ix86+x86_64 | 0.2.2 | 26.00 | 117.00 | 143.00 | OK |
Version: 0.2.2
Check: dependencies in R code
Result: NOTE
Namespace in Imports field not imported from: ‘taxa’
All declared Imports should be used.
Flavors: r-devel-linux-x86_64-fedora-clang, r-devel-linux-x86_64-fedora-gcc, r-release-macos-arm64, r-release-macos-x86_64, r-oldrel-macos-arm64, r-oldrel-macos-x86_64
Version: 0.2.2
Check: data for non-ASCII characters
Result: NOTE
Note: found 137 marked UTF-8 strings
Flavors: r-devel-linux-x86_64-fedora-clang, r-devel-linux-x86_64-fedora-gcc, r-release-macos-arm64, r-release-macos-x86_64, r-oldrel-macos-arm64, r-oldrel-macos-x86_64