CRAN Package Check Results for Package taxa

Last updated on 2022-01-23 12:59:56 CET.

Flavor Version Tinstall Tcheck Ttotal Status Flags
r-devel-linux-x86_64-debian-clang 0.4.0 7.40 86.03 93.43 OK
r-devel-linux-x86_64-debian-gcc 0.4.0 7.45 72.18 79.63 OK
r-devel-linux-x86_64-fedora-clang 0.4.0 117.73 NOTE
r-devel-linux-x86_64-fedora-gcc 0.4.0 100.10 NOTE
r-devel-windows-x86_64-new-UL 0.4.0 132.00 106.00 238.00 OK
r-devel-windows-x86_64-new-TK 0.4.0 NOTE
r-patched-linux-x86_64 0.4.0 16.08 81.09 97.17 OK
r-release-linux-x86_64 0.4.0 7.15 79.18 86.33 OK
r-release-macos-arm64 0.4.0 NOTE
r-release-macos-x86_64 0.4.0 NOTE
r-release-windows-ix86+x86_64 0.4.0 17.00 101.00 118.00 OK
r-oldrel-macos-x86_64 0.4.0 NOTE
r-oldrel-windows-ix86+x86_64 0.4.0 17.00 98.00 115.00 OK

Check Details

Version: 0.4.0
Check: dependencies in R code
Result: NOTE
    Namespaces in Imports field not imported from:
     ‘R6’ ‘jsonlite’ ‘knitr’ ‘lazyeval’ ‘tidyr’
     All declared Imports should be used.
Flavors: r-devel-linux-x86_64-fedora-clang, r-devel-linux-x86_64-fedora-gcc, r-devel-windows-x86_64-new-TK, r-release-macos-arm64, r-release-macos-x86_64, r-oldrel-macos-x86_64