CRAN Package Check Results for Package tacmagic

Last updated on 2021-06-13 21:48:29 CEST.

Flavor Version Tinstall Tcheck Ttotal Status Flags
r-devel-linux-x86_64-debian-clang 0.3.1 4.61 60.90 65.51 OK
r-devel-linux-x86_64-debian-gcc 0.3.1 3.33 45.88 49.21 OK
r-devel-linux-x86_64-fedora-clang 0.3.1 85.32 OK
r-devel-linux-x86_64-fedora-gcc 0.3.1 75.10 OK
r-devel-windows-x86_64 0.3.1 7.00 99.00 106.00 OK
r-devel-windows-x86_64-gcc10-UCRT 0.3.1 NOTE
r-patched-linux-x86_64 0.3.1 4.12 59.53 63.65 OK
r-patched-solaris-x86 0.3.1 105.10 OK
r-release-linux-x86_64 0.3.1 3.30 59.36 62.66 OK
r-release-macos-arm64 0.3.1 OK
r-release-macos-x86_64 0.3.1 OK
r-release-windows-ix86+x86_64 0.3.1 7.00 85.00 92.00 OK
r-oldrel-macos-x86_64 0.3.1 OK
r-oldrel-windows-ix86+x86_64 0.3.1 6.00 90.00 96.00 OK

Check Details

Version: 0.3.1
Check: package dependencies
Result: NOTE
    Package suggested but not available for checking: 'vdiffr'
Flavor: r-devel-windows-x86_64-gcc10-UCRT