CRAN Package Check Results for Package tablet

Last updated on 2021-12-06 23:51:03 CET.

Flavor Version Tinstall Tcheck Ttotal Status Flags
r-devel-linux-x86_64-debian-clang 0.4.0 6.15 110.14 116.29 OK
r-devel-linux-x86_64-debian-gcc 0.4.0 5.08 82.73 87.81 OK
r-devel-linux-x86_64-fedora-clang 0.4.0 137.15 OK
r-devel-linux-x86_64-fedora-gcc 0.4.0 128.84 OK
r-devel-windows-x86_64-new-UL 0.4.0 19.00 178.00 197.00 OK
r-devel-windows-x86_64-new-TK 0.4.0 WARN
r-devel-windows-x86_64-old 0.4.0 16.00 104.00 120.00 OK
r-patched-linux-x86_64 0.4.0 6.44 98.02 104.46 OK
r-release-linux-x86_64 0.4.0 7.69 104.39 112.08 OK
r-release-macos-arm64 0.4.0 OK
r-release-macos-x86_64 0.4.0 OK
r-release-windows-ix86+x86_64 0.4.0 18.00 138.00 156.00 OK
r-oldrel-macos-x86_64 0.4.0 OK
r-oldrel-windows-ix86+x86_64 0.4.0 18.00 144.00 162.00 OK

Check Details

Version: 0.4.0
Check: re-building of vignette outputs
Result: WARN
    Error(s) in re-building vignettes:
    --- re-building 'tablet-introduction-html.Rmd' using rmarkdown
    --- finished re-building 'tablet-introduction-html.Rmd'
    
    --- re-building 'tablet-introduction-pdf.Rmd' using rmarkdown
    ! LaTeX Error: File `tabu.sty' not found.
    
    ! Emergency stop.
    <read *>
    
    Error: processing vignette 'tablet-introduction-pdf.Rmd' failed with diagnostics:
    LaTeX failed to compile C:/r_packages/pkgcheck/CRAN/tablet/tablet.Rcheck/vign_test/tablet/vignettes/tablet-introduction-pdf.tex. See https://yihui.org/tinytex/r/#debugging for debugging tips. See tablet-introduction-pdf.log for more info.
    --- failed re-building 'tablet-introduction-pdf.Rmd'
    
    SUMMARY: processing the following file failed:
     'tablet-introduction-pdf.Rmd'
    
    Error: Vignette re-building failed.
    Execution halted
Flavor: r-devel-windows-x86_64-new-TK