Last updated on 2023-03-21 16:54:39 CET.
Flavor | Version | Tinstall | Tcheck | Ttotal | Status | Flags |
---|---|---|---|---|---|---|
r-devel-linux-x86_64-debian-clang | 0.0.3 | 14.73 | 225.01 | 239.74 | OK | |
r-devel-linux-x86_64-debian-gcc | 0.0.3 | 11.81 | 164.86 | 176.67 | OK | |
r-devel-linux-x86_64-fedora-clang | 0.0.3 | 299.96 | NOTE | |||
r-devel-linux-x86_64-fedora-gcc | 0.0.3 | 293.19 | NOTE | |||
r-patched-linux-x86_64 | 0.0.3 | 14.66 | 211.26 | 225.92 | OK | |
r-release-linux-x86_64 | 0.0.3 | 13.74 | 209.20 | 222.94 | OK | |
r-release-macos-arm64 | 0.0.3 | 56.00 | NOTE | |||
r-release-macos-x86_64 | 0.0.3 | 81.00 | NOTE | |||
r-release-windows-x86_64 | 0.0.3 | 37.00 | 236.00 | 273.00 | OK | |
r-oldrel-macos-arm64 | 0.0.3 | 54.00 | NOTE | |||
r-oldrel-macos-x86_64 | 0.0.3 | 85.00 | NOTE | |||
r-oldrel-windows-ix86+x86_64 | 0.0.3 | 36.00 | 258.00 | 294.00 | OK |
Version: 0.0.3
Check: data for non-ASCII characters
Result: NOTE
Note: found 551 marked UTF-8 strings
Flavors: r-devel-linux-x86_64-fedora-clang, r-devel-linux-x86_64-fedora-gcc, r-release-macos-arm64, r-release-macos-x86_64, r-oldrel-macos-arm64, r-oldrel-macos-x86_64