CRAN Package Check Results for Package table.express

Last updated on 2022-08-15 09:49:43 CEST.

Flavor Version Tinstall Tcheck Ttotal Status Flags
r-devel-linux-x86_64-debian-clang 0.4.0 8.39 106.01 114.40 NOTE
r-devel-linux-x86_64-debian-gcc 0.4.0 5.97 73.38 79.35 NOTE
r-devel-linux-x86_64-fedora-clang 0.4.0 141.19 NOTE
r-devel-linux-x86_64-fedora-gcc 0.4.0 141.84 NOTE
r-devel-windows-x86_64 0.4.0 96.00 128.00 224.00 OK
r-patched-linux-x86_64 0.4.0 7.77 90.96 98.73 OK
r-release-linux-x86_64 0.4.0 8.65 88.84 97.49 OK
r-release-macos-arm64 0.4.0 32.00 OK
r-release-macos-x86_64 0.4.0 79.00 OK
r-release-windows-x86_64 0.4.0 109.00 126.00 235.00 OK
r-oldrel-macos-arm64 0.4.0 29.00 OK
r-oldrel-macos-x86_64 0.4.0 51.00 OK
r-oldrel-windows-ix86+x86_64 0.4.0 20.00 116.00 136.00 OK

Check Details

Version: 0.4.0
Check: HTML version of manual
Result: NOTE
    Found the following HTML validation problems:
    EagerExprBuilder.html:59:6: Warning: missing </span> before <p>
    EagerExprBuilder.html:59:97: Warning: inserting implicit <span>
    EagerExprBuilder.html:62:6: Warning: missing </span> before <p>
    EagerExprBuilder.html:62:98: Warning: inserting implicit <span>
    EagerExprBuilder.html:65:6: Warning: missing </span> before <p>
    EagerExprBuilder.html:65:109: Warning: inserting implicit <span>
    EagerExprBuilder.html:68:6: Warning: missing </span> before <p>
    EagerExprBuilder.html:68:99: Warning: inserting implicit <span>
    EagerExprBuilder.html:71:6: Warning: missing </span> before <p>
    EagerExprBuilder.html:71:98: Warning: inserting implicit <span>
    EagerExprBuilder.html:74:6: Warning: missing </span> before <p>
    EagerExprBuilder.html:74:98: Warning: inserting implicit <span>
    EagerExprBuilder.html:77:6: Warning: missing </span> before <p>
    EagerExprBuilder.html:77:104: Warning: inserting implicit <span>
    EagerExprBuilder.html:59:6: Warning: trimming empty <span>
    EagerExprBuilder.html:62:6: Warning: trimming empty <span>
    EagerExprBuilder.html:65:6: Warning: trimming empty <span>
    EagerExprBuilder.html:68:6: Warning: trimming empty <span>
    EagerExprBuilder.html:71:6: Warning: trimming empty <span>
    EagerExprBuilder.html:74:6: Warning: trimming empty <span>
    EagerExprBuilder.html:77:6: Warning: trimming empty <span>
Flavors: r-devel-linux-x86_64-debian-clang, r-devel-linux-x86_64-debian-gcc, r-devel-linux-x86_64-fedora-clang, r-devel-linux-x86_64-fedora-gcc