CRAN Package Check Results for Package syuzhet

Last updated on 2021-07-30 07:50:32 CEST.

Flavor Version Tinstall Tcheck Ttotal Status Flags
r-devel-linux-x86_64-debian-clang 1.0.6 NOTE
r-devel-linux-x86_64-debian-gcc 1.0.6 9.07 222.27 231.34 NOTE
r-devel-linux-x86_64-fedora-clang 1.0.6 366.94 NOTE
r-devel-linux-x86_64-fedora-gcc 1.0.6 368.34 NOTE
r-devel-windows-x86_64 1.0.6 15.00 348.00 363.00 NOTE
r-devel-windows-x86_64-gcc10-UCRT 1.0.6 NOTE
r-patched-linux-x86_64 1.0.6 NOTE
r-patched-solaris-x86 1.0.6 660.20 NOTE
r-release-linux-x86_64 1.0.6 10.40 282.91 293.31 NOTE
r-release-macos-arm64 1.0.6 NOTE
r-release-macos-x86_64 1.0.6 NOTE
r-release-windows-ix86+x86_64 1.0.6 20.00 345.00 365.00 NOTE
r-oldrel-macos-x86_64 1.0.6 NOTE
r-oldrel-windows-ix86+x86_64 1.0.6 16.00 368.00 384.00 NOTE

Check Details

Version: 1.0.6
Check: LazyData
Result: NOTE
     'LazyData' is specified without a 'data' directory
Flavors: r-devel-linux-x86_64-debian-clang, r-devel-linux-x86_64-debian-gcc, r-devel-linux-x86_64-fedora-clang, r-devel-linux-x86_64-fedora-gcc, r-devel-windows-x86_64, r-devel-windows-x86_64-gcc10-UCRT, r-patched-linux-x86_64, r-patched-solaris-x86, r-release-linux-x86_64, r-release-macos-arm64, r-release-macos-x86_64, r-release-windows-ix86+x86_64

Version: 1.0.6
Check: installed package size
Result: NOTE
     installed size is 5.3Mb
     sub-directories of 1Mb or more:
     R 1.3Mb
     extdata 3.1Mb
Flavors: r-devel-linux-x86_64-fedora-clang, r-devel-windows-x86_64, r-patched-solaris-x86, r-release-macos-arm64, r-release-macos-x86_64, r-release-windows-ix86+x86_64, r-oldrel-macos-x86_64, r-oldrel-windows-ix86+x86_64