CRAN Package Check Results for Package syslognet

Last updated on 2021-09-26 04:50:48 CEST.

Flavor Version Tinstall Tcheck Ttotal Status Flags
r-devel-linux-x86_64-debian-clang 0.1.2.1 1.75 19.84 21.59 NOTE
r-devel-linux-x86_64-debian-gcc 0.1.2.1 1.41 15.92 17.33 NOTE
r-devel-linux-x86_64-fedora-clang 0.1.2.1 35.39 NOTE
r-devel-linux-x86_64-fedora-gcc 0.1.2.1 25.17 NOTE
r-devel-windows-x86_64 0.1.2.1 3.00 20.00 23.00 NOTE
r-devel-windows-x86_64-gcc10-UCRT 0.1.2.1 NOTE
r-patched-linux-x86_64 0.1.2.1 1.73 19.67 21.40 NOTE
r-patched-solaris-x86 0.1.2.1 43.50 NOTE
r-release-linux-x86_64 0.1.2.1 1.62 19.88 21.50 NOTE
r-release-macos-arm64 0.1.2.1 NOTE
r-release-macos-x86_64 0.1.2.1 NOTE
r-release-windows-ix86+x86_64 0.1.2.1 4.00 27.00 31.00 NOTE
r-oldrel-macos-x86_64 0.1.2.1 OK
r-oldrel-windows-ix86+x86_64 0.1.2.1 4.00 28.00 32.00 OK

Check Details

Version: 0.1.2.1
Check: LazyData
Result: NOTE
     'LazyData' is specified without a 'data' directory
Flavors: r-devel-linux-x86_64-debian-clang, r-devel-linux-x86_64-debian-gcc, r-devel-linux-x86_64-fedora-clang, r-devel-linux-x86_64-fedora-gcc, r-devel-windows-x86_64, r-devel-windows-x86_64-gcc10-UCRT, r-patched-linux-x86_64, r-patched-solaris-x86, r-release-linux-x86_64, r-release-macos-arm64, r-release-macos-x86_64, r-release-windows-ix86+x86_64