CRAN Package Check Results for Package synchronicity

Last updated on 2021-11-28 11:49:00 CET.

Flavor Version Tinstall Tcheck Ttotal Status Flags
r-devel-linux-x86_64-debian-clang 1.3.5 OK
r-devel-linux-x86_64-debian-gcc 1.3.5 20.84 21.68 42.52 OK
r-devel-linux-x86_64-fedora-clang 1.3.5 92.81 NOTE
r-devel-linux-x86_64-fedora-gcc 1.3.5 71.34 NOTE
r-devel-windows-x86_64-new-UL 1.3.5 68.00 89.00 157.00 OK
r-devel-windows-x86_64-new-TK 1.3.5 OK
r-devel-windows-x86_64-old 1.3.5 31.00 58.00 89.00 OK
r-patched-linux-x86_64 1.3.5 28.91 26.48 55.39 OK
r-patched-solaris-x86 1.3.5 82.70 OK
r-release-linux-x86_64 1.3.5 28.59 26.38 54.97 OK
r-release-macos-arm64 1.3.5 OK
r-release-macos-x86_64 1.3.5 OK
r-release-windows-ix86+x86_64 1.3.5 80.00 55.00 135.00 OK
r-oldrel-macos-x86_64 1.3.5 OK
r-oldrel-windows-ix86+x86_64 1.3.5 57.00 68.00 125.00 OK

Check Details

Version: 1.3.5
Check: top-level files
Result: NOTE
     possible bashism in configure line 12 (echo -n):
     echo -n " checking for Sun Studio compiler..."
     possible bashism in configure line 22 (echo -n):
     echo -n " checking for OS..."
Flavors: r-devel-linux-x86_64-fedora-clang, r-devel-linux-x86_64-fedora-gcc