Last updated on 2022-08-11 09:53:30 CEST.
Flavor | Version | Tinstall | Tcheck | Ttotal | Status | Flags |
---|---|---|---|---|---|---|
r-devel-linux-x86_64-debian-clang | 0.1 | 10.98 | 113.27 | 124.25 | NOTE | |
r-devel-linux-x86_64-debian-gcc | 0.1 | 9.52 | 85.80 | 95.32 | NOTE | |
r-devel-linux-x86_64-fedora-clang | 0.1 | 159.02 | NOTE | |||
r-devel-linux-x86_64-fedora-gcc | 0.1 | 159.44 | NOTE | |||
r-devel-windows-x86_64 | 0.1 | 14.00 | 134.00 | 148.00 | NOTE | |
r-patched-linux-x86_64 | 0.1 | 9.29 | 110.27 | 119.56 | NOTE | |
r-release-linux-x86_64 | 0.1 | NOTE | ||||
r-release-macos-arm64 | 0.1 | 43.00 | NOTE | |||
r-release-macos-x86_64 | 0.1 | 63.00 | NOTE | |||
r-release-windows-x86_64 | 0.1 | 15.00 | 137.00 | 152.00 | NOTE | |
r-oldrel-macos-arm64 | 0.1 | 56.00 | NOTE | |||
r-oldrel-macos-x86_64 | 0.1 | 77.00 | NOTE | |||
r-oldrel-windows-ix86+x86_64 | 0.1 | 26.00 | 129.00 | 155.00 | NOTE |
Version: 0.1
Check: LazyData
Result: NOTE
'LazyData' is specified without a 'data' directory
Flavors: r-devel-linux-x86_64-debian-clang, r-devel-linux-x86_64-debian-gcc, r-devel-linux-x86_64-fedora-clang, r-devel-linux-x86_64-fedora-gcc, r-devel-windows-x86_64, r-patched-linux-x86_64, r-release-linux-x86_64, r-release-macos-arm64, r-release-macos-x86_64, r-release-windows-x86_64, r-oldrel-macos-arm64, r-oldrel-macos-x86_64, r-oldrel-windows-ix86+x86_64