CRAN Package Check Results for Package swirl

Last updated on 2021-07-29 19:52:43 CEST.

Flavor Version Tinstall Tcheck Ttotal Status Flags
r-devel-linux-x86_64-debian-clang 2.4.5 NOTE
r-devel-linux-x86_64-debian-gcc 2.4.5 4.34 40.60 44.94 NOTE
r-devel-linux-x86_64-fedora-clang 2.4.5 80.29 NOTE
r-devel-linux-x86_64-fedora-gcc 2.4.5 71.15 NOTE
r-devel-windows-x86_64 2.4.5 25.00 70.00 95.00 NOTE
r-devel-windows-x86_64-gcc10-UCRT 2.4.5 NOTE
r-patched-linux-x86_64 2.4.5 6.12 50.60 56.72 NOTE
r-patched-solaris-x86 2.4.5 108.50 NOTE
r-release-linux-x86_64 2.4.5 5.72 50.64 56.36 NOTE
r-release-macos-arm64 2.4.5 NOTE
r-release-macos-x86_64 2.4.5 NOTE
r-release-windows-ix86+x86_64 2.4.5 13.00 72.00 85.00 NOTE
r-oldrel-macos-x86_64 2.4.5 OK
r-oldrel-windows-ix86+x86_64 2.4.5 10.00 81.00 91.00 OK

Check Details

Version: 2.4.5
Check: LazyData
Result: NOTE
     'LazyData' is specified without a 'data' directory
Flavors: r-devel-linux-x86_64-debian-clang, r-devel-linux-x86_64-debian-gcc, r-devel-linux-x86_64-fedora-clang, r-devel-linux-x86_64-fedora-gcc, r-devel-windows-x86_64, r-devel-windows-x86_64-gcc10-UCRT, r-patched-linux-x86_64, r-patched-solaris-x86, r-release-linux-x86_64, r-release-macos-arm64, r-release-macos-x86_64, r-release-windows-ix86+x86_64