CRAN Package Check Results for Package swfscMisc

Last updated on 2021-10-20 16:50:53 CEST.

Flavor Version Tinstall Tcheck Ttotal Status Flags
r-devel-linux-x86_64-debian-clang 1.5 4.61 46.42 51.03 OK
r-devel-linux-x86_64-debian-gcc 1.5 3.73 35.24 38.97 OK
r-devel-linux-x86_64-fedora-clang 1.5 70.10 NOTE
r-devel-linux-x86_64-fedora-gcc 1.5 60.24 NOTE
r-devel-windows-x86_64 1.5 11.00 59.00 70.00 OK
r-devel-windows-x86_64-gcc10-UCRT 1.5 NOTE
r-patched-linux-x86_64 1.5 4.24 44.66 48.90 OK
r-patched-solaris-x86 1.5 87.90 NOTE
r-release-linux-x86_64 1.5 3.99 44.43 48.42 OK
r-release-macos-arm64 1.5 NOTE
r-release-macos-x86_64 1.5 NOTE
r-release-windows-ix86+x86_64 1.5 6.00 70.00 76.00 OK
r-oldrel-macos-x86_64 1.5 NOTE
r-oldrel-windows-ix86+x86_64 1.5 9.00 71.00 80.00 OK

Check Details

Version: 1.5
Check: dependencies in R code
Result: NOTE
    Namespaces in Imports field not imported from:
     ‘mapdata’ ‘utils’
     All declared Imports should be used.
Flavors: r-devel-linux-x86_64-fedora-clang, r-devel-linux-x86_64-fedora-gcc, r-devel-windows-x86_64-gcc10-UCRT, r-patched-solaris-x86, r-release-macos-arm64, r-release-macos-x86_64, r-oldrel-macos-x86_64