CRAN Package Check Results for Package svUnit

Last updated on 2021-12-01 23:51:53 CET.

Flavor Version Tinstall Tcheck Ttotal Status Flags
r-devel-linux-x86_64-debian-clang 1.0.6 3.90 33.96 37.86 OK
r-devel-linux-x86_64-debian-gcc 1.0.6 2.57 26.40 28.97 OK
r-devel-linux-x86_64-fedora-clang 1.0.6 60.58 OK
r-devel-linux-x86_64-fedora-gcc 1.0.6 45.53 OK
r-devel-windows-x86_64-new-UL 1.0.6 11.00 74.00 85.00 OK
r-devel-windows-x86_64-new-TK 1.0.6 WARN
r-devel-windows-x86_64-old 1.0.6 6.00 44.00 50.00 OK
r-patched-linux-x86_64 1.0.6 3.19 29.73 32.92 OK
r-patched-solaris-x86 1.0.6 59.00 OK
r-release-linux-x86_64 1.0.6 3.05 29.75 32.80 OK
r-release-macos-arm64 1.0.6 OK
r-release-macos-x86_64 1.0.6 OK
r-release-windows-ix86+x86_64 1.0.6 8.00 49.00 57.00 OK
r-oldrel-macos-x86_64 1.0.6 OK
r-oldrel-windows-ix86+x86_64 1.0.6 7.00 46.00 53.00 OK

Check Details

Version: 1.0.6
Check: PDF version of manual
Result: WARN
    LaTeX errors when creating PDF version.
    This typically indicates Rd problems.
Flavor: r-devel-windows-x86_64-new-TK