CRAN Package Check Results for Package survtmle

Last updated on 2021-07-30 07:50:32 CEST.

Flavor Version Tinstall Tcheck Ttotal Status Flags
r-devel-linux-x86_64-debian-clang 1.1.1 OK
r-devel-linux-x86_64-debian-gcc 1.1.1 10.39 125.31 135.70 OK
r-devel-linux-x86_64-fedora-clang 1.1.1 226.97 OK
r-devel-linux-x86_64-fedora-gcc 1.1.1 213.06 OK
r-devel-windows-x86_64 1.1.1 18.00 209.00 227.00 OK
r-devel-windows-x86_64-gcc10-UCRT 1.1.1 OK
r-patched-linux-x86_64 1.1.1 OK
r-patched-solaris-x86 1.1.1 289.50 OK
r-release-linux-x86_64 1.1.1 12.94 164.28 177.22 OK
r-release-macos-arm64 1.1.1 WARN
r-release-macos-x86_64 1.1.1 OK
r-release-windows-ix86+x86_64 1.1.1 28.00 193.00 221.00 OK
r-oldrel-macos-x86_64 1.1.1 OK
r-oldrel-windows-ix86+x86_64 1.1.1 23.00 222.00 245.00 OK

Check Details

Version: 1.1.1
Check: re-building of vignette outputs
Result: WARN
    Error(s) in re-building vignettes:
     ...
    --- re-building ‘survtmle_intro.Rmd’ using rmarkdown
    Warning in engine$weave(file, quiet = quiet, encoding = enc) :
     Pandoc (>= 1.12.3) not available. Falling back to R Markdown v1.
    Quitting from lines 547-549 (survtmle_intro.Rmd)
    Error: processing vignette 'survtmle_intro.Rmd' failed with diagnostics:
    polygon edge not found
    --- failed re-building ‘survtmle_intro.Rmd’
    
    SUMMARY: processing the following file failed:
     ‘survtmle_intro.Rmd’
    
    Error: Vignette re-building failed.
    Execution halted
Flavor: r-release-macos-arm64