CRAN Package Check Results for Package survsim

Last updated on 2021-09-21 16:51:54 CEST.

Flavor Version Tinstall Tcheck Ttotal Status Flags
r-devel-linux-x86_64-debian-clang 1.1.6 10.53 79.17 89.70 OK
r-devel-linux-x86_64-debian-gcc 1.1.6 7.64 60.19 67.83 OK
r-devel-linux-x86_64-fedora-clang 1.1.6 115.58 OK
r-devel-linux-x86_64-fedora-gcc 1.1.6 105.00 OK
r-devel-windows-x86_64 1.1.6 9.00 72.00 81.00 OK
r-devel-windows-x86_64-gcc10-UCRT 1.1.6 ERROR
r-patched-linux-x86_64 1.1.6 8.55 75.81 84.36 OK
r-patched-solaris-x86 1.1.6 145.70 OK
r-release-linux-x86_64 1.1.6 10.46 75.76 86.22 OK
r-release-macos-arm64 1.1.6 OK
r-release-macos-x86_64 1.1.6 OK
r-release-windows-ix86+x86_64 1.1.6 20.00 70.00 90.00 OK
r-oldrel-macos-x86_64 1.1.6 OK
r-oldrel-windows-ix86+x86_64 1.1.6 18.00 74.00 92.00 OK

Check Details

Version: 1.1.6
Check: whether package can be installed
Result: WARN
    Found the following significant warnings:
     WARNING: installation-time patches will not be applied, could not get the patches index
Flavor: r-devel-windows-x86_64-gcc10-UCRT

Version: 1.1.6
Check: PDF version of manual
Result: WARN
    LaTeX errors when creating PDF version.
    This typically indicates Rd problems.
Flavor: r-devel-windows-x86_64-gcc10-UCRT

Version: 1.1.6
Check: PDF version of manual without hyperrefs or index
Result: ERROR
    Re-running with no redirection of stdout/stderr.
Flavor: r-devel-windows-x86_64-gcc10-UCRT