CRAN Package Check Results for Package survivalsvm

Last updated on 2021-06-16 21:51:59 CEST.

Flavor Version Tinstall Tcheck Ttotal Status Flags
r-devel-linux-x86_64-debian-clang 0.0.5 8.06 77.81 85.87 OK
r-devel-linux-x86_64-debian-gcc 0.0.5 7.18 60.87 68.05 OK
r-devel-linux-x86_64-fedora-clang 0.0.5 116.16 NOTE
r-devel-linux-x86_64-fedora-gcc 0.0.5 102.30 NOTE
r-devel-windows-x86_64 0.0.5 16.00 77.00 93.00 OK
r-devel-windows-x86_64-gcc10-UCRT 0.0.5 NOTE
r-patched-linux-x86_64 0.0.5 16.17 75.13 91.30 OK
r-patched-solaris-x86 0.0.5 155.40 NOTE
r-release-linux-x86_64 0.0.5 9.26 74.96 84.22 OK
r-release-macos-arm64 0.0.5 NOTE
r-release-macos-x86_64 0.0.5 NOTE
r-release-windows-ix86+x86_64 0.0.5 21.00 100.00 121.00 OK
r-oldrel-macos-x86_64 0.0.5 NOTE
r-oldrel-windows-ix86+x86_64 0.0.5 16.00 95.00 111.00 OK

Check Details

Version: 0.0.5
Check: dependencies in R code
Result: NOTE
    Namespace in Imports field not imported from: ‘quadprog’
     All declared Imports should be used.
Flavors: r-devel-linux-x86_64-fedora-clang, r-devel-linux-x86_64-fedora-gcc, r-devel-windows-x86_64-gcc10-UCRT, r-patched-solaris-x86, r-release-macos-arm64, r-release-macos-x86_64, r-oldrel-macos-x86_64