CRAN Package Check Results for Package survivalAnalysis

Last updated on 2021-07-30 07:50:32 CEST.

Flavor Version Tinstall Tcheck Ttotal Status Flags
r-devel-linux-x86_64-debian-clang 0.2.0 OK
r-devel-linux-x86_64-debian-gcc 0.2.0 11.31 109.52 120.83 OK
r-devel-linux-x86_64-fedora-clang 0.2.0 196.37 OK
r-devel-linux-x86_64-fedora-gcc 0.2.0 186.99 OK
r-devel-windows-x86_64 0.2.0 29.00 173.00 202.00 OK
r-devel-windows-x86_64-gcc10-UCRT 0.2.0 OK
r-patched-linux-x86_64 0.2.0 OK
r-patched-solaris-x86 0.2.0 273.30 OK
r-release-linux-x86_64 0.2.0 11.40 138.41 149.81 OK
r-release-macos-arm64 0.2.0 WARN
r-release-macos-x86_64 0.2.0 OK
r-release-windows-ix86+x86_64 0.2.0 31.00 141.00 172.00 OK
r-oldrel-macos-x86_64 0.2.0 OK
r-oldrel-windows-ix86+x86_64 0.2.0 33.00 187.00 220.00 OK

Check Details

Version: 0.2.0
Check: re-building of vignette outputs
Result: WARN
    Error(s) in re-building vignettes:
    --- re-building ‘multivariate.Rmd’ using rmarkdown
    Warning in engine$weave(file, quiet = quiet, encoding = enc) :
     Pandoc (>= 1.12.3) not available. Falling back to R Markdown v1.
    ── Attaching packages ─────────────────────────────────────── tidyverse 1.3.1 ──
    ✔ ggplot2 3.3.5 ✔ purrr 0.3.4
    ✔ tibble 3.1.3 ✔ dplyr 1.0.7
    ✔ tidyr 1.1.3 ✔ stringr 1.4.0
    ✔ readr 2.0.0 ✔ forcats 0.5.1
    ── Conflicts ────────────────────────────────────────── tidyverse_conflicts() ──
    ✖ dplyr::filter() masks stats::filter()
    ✖ dplyr::lag() masks stats::lag()
    Quitting from lines 88-89 (multivariate.Rmd)
    Error: processing vignette 'multivariate.Rmd' failed with diagnostics:
    polygon edge not found
    --- failed re-building ‘multivariate.Rmd’
    
    --- re-building ‘univariate.Rmd’ using rmarkdown
    Warning in engine$weave(file, quiet = quiet, encoding = enc) :
     Pandoc (>= 1.12.3) not available. Falling back to R Markdown v1.
    ── Attaching packages ─────────────────────────────────────── tidyverse 1.3.1 ──
    ✔ ggplot2 3.3.5 ✔ purrr 0.3.4
    ✔ tibble 3.1.3 ✔ dplyr 1.0.7
    ✔ tidyr 1.1.3 ✔ stringr 1.4.0
    ✔ readr 2.0.0 ✔ forcats 0.5.1
    ── Conflicts ────────────────────────────────────────── tidyverse_conflicts() ──
    ✖ dplyr::filter() masks stats::filter()
    ✖ dplyr::lag() masks stats::lag()
    Quitting from lines 104-105 (univariate.Rmd)
    Error: processing vignette 'univariate.Rmd' failed with diagnostics:
    polygon edge not found
    --- failed re-building ‘univariate.Rmd’
    
    SUMMARY: processing the following files failed:
     ‘multivariate.Rmd’ ‘univariate.Rmd’
    
    Error: Vignette re-building failed.
    Execution halted
Flavor: r-release-macos-arm64