CRAN Package Check Results for Package surveybootstrap

Last updated on 2021-07-29 19:52:43 CEST.

Flavor Version Tinstall Tcheck Ttotal Status Flags
r-devel-linux-x86_64-debian-clang 0.0.1 OK
r-devel-linux-x86_64-debian-gcc 0.0.1 24.49 111.48 135.97 OK
r-devel-linux-x86_64-fedora-clang 0.0.1 234.77 NOTE
r-devel-linux-x86_64-fedora-gcc 0.0.1 215.97 NOTE
r-devel-windows-x86_64 0.0.1 38.00 196.00 234.00 OK
r-devel-windows-x86_64-gcc10-UCRT 0.0.1 OK
r-patched-linux-x86_64 0.0.1 28.70 141.34 170.04 OK
r-patched-solaris-x86 0.0.1 267.50 OK
r-release-linux-x86_64 0.0.1 26.61 142.77 169.38 OK
r-release-macos-arm64 0.0.1 OK
r-release-macos-x86_64 0.0.1 OK
r-release-windows-ix86+x86_64 0.0.1 83.00 292.00 375.00 OK
r-oldrel-macos-x86_64 0.0.1 OK
r-oldrel-windows-ix86+x86_64 0.0.1 62.00 361.00 423.00 OK

Check Details

Version: 0.0.1
Check: compiled code
Result: NOTE
    File ‘surveybootstrap/libs/surveybootstrap.so’:
     Found no calls to: ‘R_registerRoutines’, ‘R_useDynamicSymbols’
    
    It is good practice to register native routines and to disable symbol
    search.
    
    See ‘Writing portable packages’ in the ‘Writing R Extensions’ manual.
Flavors: r-devel-linux-x86_64-fedora-clang, r-devel-linux-x86_64-fedora-gcc