CRAN Package Check Results for Package survELtest

Last updated on 2021-09-23 04:56:49 CEST.

Flavor Version Tinstall Tcheck Ttotal Status Flags
r-devel-linux-x86_64-debian-clang 2.0.1 9.30 94.97 104.27 OK
r-devel-linux-x86_64-debian-gcc 2.0.1 8.43 71.53 79.96 OK
r-devel-linux-x86_64-fedora-clang 2.0.1 133.60 OK
r-devel-linux-x86_64-fedora-gcc 2.0.1 123.95 OK
r-devel-windows-x86_64 2.0.1 11.00 94.00 105.00 OK
r-devel-windows-x86_64-gcc10-UCRT 2.0.1 ERROR
r-patched-linux-x86_64 2.0.1 9.08 91.78 100.86 OK
r-patched-solaris-x86 2.0.1 183.80 OK
r-release-linux-x86_64 2.0.1 8.94 92.48 101.42 OK
r-release-macos-arm64 2.0.1 OK
r-release-macos-x86_64 2.0.1 OK
r-release-windows-ix86+x86_64 2.0.1 20.00 88.00 108.00 OK
r-oldrel-macos-x86_64 2.0.1 OK
r-oldrel-windows-ix86+x86_64 2.0.1 15.00 88.00 103.00 OK

Check Details

Version: 2.0.1
Check: PDF version of manual
Result: WARN
    LaTeX errors when creating PDF version.
    This typically indicates Rd problems.
Flavor: r-devel-windows-x86_64-gcc10-UCRT

Version: 2.0.1
Check: PDF version of manual without hyperrefs or index
Result: ERROR
    Re-running with no redirection of stdout/stderr.
Flavor: r-devel-windows-x86_64-gcc10-UCRT