CRAN Package Check Results for Package support

Last updated on 2022-01-25 12:55:49 CET.

Flavor Version Tinstall Tcheck Ttotal Status Flags
r-devel-linux-x86_64-debian-clang 0.1.5 56.89 44.33 101.22 OK
r-devel-linux-x86_64-debian-gcc 0.1.5 42.64 33.70 76.34 OK
r-devel-linux-x86_64-fedora-clang 0.1.5 139.07 OK
r-devel-linux-x86_64-fedora-gcc 0.1.5 119.63 OK
r-devel-windows-x86_64-new-UL 0.1.5 59.00 83.00 142.00 OK
r-devel-windows-x86_64-new-TK 0.1.5 ERROR
r-patched-linux-x86_64 0.1.5 51.67 41.56 93.23 OK
r-release-linux-x86_64 0.1.5 46.10 41.13 87.23 OK
r-release-macos-arm64 0.1.5 OK
r-release-macos-x86_64 0.1.5 OK
r-release-windows-ix86+x86_64 0.1.5 126.00 79.00 205.00 OK
r-oldrel-macos-x86_64 0.1.5 OK
r-oldrel-windows-ix86+x86_64 0.1.5 126.00 77.00 203.00 OK

Check Details

Version: 0.1.5
Check: package dependencies
Result: ERROR
    Package required but not available: 'nloptr'
    
    See section 'The DESCRIPTION file' in the 'Writing R Extensions'
    manual.
Flavor: r-devel-windows-x86_64-new-TK