CRAN Package Check Results for Package support.CEs

Last updated on 2021-09-28 04:55:13 CEST.

Flavor Version Tinstall Tcheck Ttotal Status Flags
r-devel-linux-x86_64-debian-clang 0.5-0 4.14 42.92 47.06 OK
r-devel-linux-x86_64-debian-gcc 0.5-0 2.90 33.45 36.35 OK
r-devel-linux-x86_64-fedora-clang 0.5-0 65.93 NOTE
r-devel-linux-x86_64-fedora-gcc 0.5-0 55.53 OK
r-devel-windows-x86_64 0.5-0 4.00 51.00 55.00 OK
r-devel-windows-x86_64-gcc10-UCRT 0.5-0 OK
r-patched-linux-x86_64 0.5-0 4.55 41.83 46.38 OK
r-patched-solaris-x86 0.5-0 82.50 OK
r-release-linux-x86_64 0.5-0 3.79 42.81 46.60 OK
r-release-macos-arm64 0.5-0 OK
r-release-macos-x86_64 0.5-0 OK
r-release-windows-ix86+x86_64 0.5-0 9.00 53.00 62.00 OK
r-oldrel-macos-x86_64 0.5-0 OK
r-oldrel-windows-ix86+x86_64 0.5-0 7.00 54.00 61.00 OK

Check Details

Version: 0.5-0
Check: Rd cross-references
Result: NOTE
    Undeclared package ‘mded’ in Rd xrefs
Flavor: r-devel-linux-x86_64-fedora-clang