CRAN Package Check Results for Package support.BWS3

Last updated on 2021-09-21 16:51:54 CEST.

Flavor Version Tinstall Tcheck Ttotal Status Flags
r-devel-linux-x86_64-debian-clang 0.2-0 2.81 26.96 29.77 OK
r-devel-linux-x86_64-debian-gcc 0.2-0 2.14 20.88 23.02 OK
r-devel-linux-x86_64-fedora-clang 0.2-0 44.59 OK
r-devel-linux-x86_64-fedora-gcc 0.2-0 33.99 OK
r-devel-windows-x86_64 0.2-0 4.00 34.00 38.00 OK
r-devel-windows-x86_64-gcc10-UCRT 0.2-0 ERROR
r-patched-linux-x86_64 0.2-0 2.80 26.06 28.86 OK
r-patched-solaris-x86 0.2-0 50.80 OK
r-release-linux-x86_64 0.2-0 2.06 25.77 27.83 OK
r-release-macos-arm64 0.2-0 OK
r-release-macos-x86_64 0.2-0 OK
r-release-windows-ix86+x86_64 0.2-0 6.00 34.00 40.00 OK
r-oldrel-macos-x86_64 0.2-0 OK
r-oldrel-windows-ix86+x86_64 0.2-0 5.00 33.00 38.00 OK

Check Details

Version: 0.2-0
Check: whether package can be installed
Result: WARN
    Found the following significant warnings:
     WARNING: installation-time patches will not be applied, could not get the patches index
Flavor: r-devel-windows-x86_64-gcc10-UCRT

Version: 0.2-0
Check: PDF version of manual
Result: WARN
    LaTeX errors when creating PDF version.
    This typically indicates Rd problems.
Flavor: r-devel-windows-x86_64-gcc10-UCRT

Version: 0.2-0
Check: PDF version of manual without hyperrefs or index
Result: ERROR
    Re-running with no redirection of stdout/stderr.
Flavor: r-devel-windows-x86_64-gcc10-UCRT