CRAN Package Check Results for Package supclust

Last updated on 2021-09-23 04:56:49 CEST.

Flavor Version Tinstall Tcheck Ttotal Status Flags
r-devel-linux-x86_64-debian-clang 1.1-0 5.62 64.68 70.30 OK
r-devel-linux-x86_64-debian-gcc 1.1-0 3.88 52.15 56.03 OK
r-devel-linux-x86_64-fedora-clang 1.1-0 93.32 OK
r-devel-linux-x86_64-fedora-gcc 1.1-0 80.99 OK
r-devel-windows-x86_64 1.1-0 7.00 74.00 81.00 OK
r-devel-windows-x86_64-gcc10-UCRT 1.1-0 ERROR
r-patched-linux-x86_64 1.1-0 5.38 64.01 69.39 OK
r-patched-solaris-x86 1.1-0 117.40 OK
r-release-linux-x86_64 1.1-0 3.87 63.67 67.54 OK
r-release-macos-arm64 1.1-0 OK
r-release-macos-x86_64 1.1-0 OK
r-release-windows-ix86+x86_64 1.1-0 12.00 108.00 120.00 OK
r-oldrel-macos-x86_64 1.1-0 OK
r-oldrel-windows-ix86+x86_64 1.1-0 10.00 112.00 122.00 OK

Check Details

Version: 1.1-0
Check: whether package can be installed
Result: ERROR
    Installation failed.
Flavor: r-devel-windows-x86_64-gcc10-UCRT