CRAN Package Check Results for Package supc

Last updated on 2022-10-02 11:54:27 CEST.

Flavor Version Tinstall Tcheck Ttotal Status Flags
r-devel-linux-x86_64-debian-clang 0.2.6.2 38.23 392.23 430.46 OK
r-devel-linux-x86_64-debian-gcc 0.2.6.2 29.60 260.73 290.33 OK
r-devel-linux-x86_64-fedora-clang 0.2.6.2 563.81 OK
r-devel-linux-x86_64-fedora-gcc 0.2.6.2 535.77 OK
r-devel-windows-x86_64 0.2.6.2 39.00 552.00 591.00 OK
r-patched-linux-x86_64 0.2.6.2 32.68 377.30 409.98 OK
r-release-linux-x86_64 0.2.6.2 31.94 380.52 412.46 OK
r-release-macos-arm64 0.2.6.2 132.00 OK
r-release-macos-x86_64 0.2.6.2 202.00 OK
r-release-windows-x86_64 0.2.6.2 45.00 536.00 581.00 OK
r-oldrel-macos-arm64 0.2.6.2 123.00 OK
r-oldrel-macos-x86_64 0.2.6.2 217.00 OK
r-oldrel-windows-ix86+x86_64 0.2.6.2 96.00 642.00 738.00 NOTE

Check Details

Version: 0.2.6.2
Check: installed package size
Result: NOTE
     installed size is 5.5Mb
     sub-directories of 1Mb or more:
     doc 1.4Mb
     libs 2.4Mb
Flavor: r-oldrel-windows-ix86+x86_64