CRAN Package Check Results for Package subscreen

Last updated on 2021-11-30 11:52:12 CET.

Flavor Version Tinstall Tcheck Ttotal Status Flags
r-devel-linux-x86_64-debian-clang 3.0.5 3.77 43.94 47.71 NOTE
r-devel-linux-x86_64-debian-gcc 3.0.5 3.84 34.33 38.17 NOTE
r-devel-linux-x86_64-fedora-clang 3.0.5 70.12 NOTE
r-devel-linux-x86_64-fedora-gcc 3.0.5 58.91 NOTE
r-devel-windows-x86_64-new-UL 3.0.5 12.00 103.00 115.00 NOTE
r-devel-windows-x86_64-new-TK 3.0.5 NOTE
r-devel-windows-x86_64-old 3.0.5 9.00 54.00 63.00 NOTE
r-patched-linux-x86_64 3.0.5 4.84 42.79 47.63 NOTE
r-patched-solaris-x86 3.0.5 90.20 NOTE
r-release-linux-x86_64 3.0.5 4.41 42.24 46.65 NOTE
r-release-macos-arm64 3.0.5 NOTE
r-release-macos-x86_64 3.0.5 NOTE
r-release-windows-ix86+x86_64 3.0.5 12.00 53.00 65.00 NOTE
r-oldrel-macos-x86_64 3.0.5 NOTE
r-oldrel-windows-ix86+x86_64 3.0.5 11.00 52.00 63.00 OK

Check Details

Version: 3.0.5
Check: LazyData
Result: NOTE
     'LazyData' is specified without a 'data' directory
Flavors: r-devel-linux-x86_64-debian-clang, r-devel-linux-x86_64-debian-gcc, r-devel-linux-x86_64-fedora-clang, r-devel-linux-x86_64-fedora-gcc, r-devel-windows-x86_64-new-UL, r-devel-windows-x86_64-new-TK, r-devel-windows-x86_64-old, r-patched-linux-x86_64, r-patched-solaris-x86, r-release-linux-x86_64, r-release-macos-arm64, r-release-macos-x86_64, r-release-windows-ix86+x86_64

Version: 3.0.5
Check: dependencies in R code
Result: NOTE
    Namespaces in Imports field not imported from:
     ‘DT’ ‘bsplus’ ‘colourpicker’ ‘grDevices’ ‘graphics’ ‘jsonlite’
     ‘purrr’ ‘shinyWidgets’ ‘shinyjs’
     All declared Imports should be used.
Flavors: r-devel-linux-x86_64-fedora-clang, r-devel-linux-x86_64-fedora-gcc, r-devel-windows-x86_64-new-TK, r-patched-solaris-x86, r-release-macos-arm64, r-release-macos-x86_64, r-oldrel-macos-x86_64