CRAN Package Check Results for Package stuart

Last updated on 2023-03-29 04:51:25 CEST.

Flavor Version Tinstall Tcheck Ttotal Status Flags
r-devel-linux-x86_64-debian-clang 0.10.1 7.87 96.67 104.54 OK
r-devel-linux-x86_64-debian-gcc 0.10.1 7.21 73.25 80.46 OK
r-devel-linux-x86_64-fedora-clang 0.10.1 129.14 NOTE
r-devel-linux-x86_64-fedora-gcc 0.10.1 121.33 NOTE
r-patched-linux-x86_64 0.10.1 8.04 93.15 101.19 OK
r-release-linux-x86_64 0.10.1 8.28 91.30 99.58 OK
r-release-macos-arm64 0.10.1 26.00 NOTE
r-release-macos-x86_64 0.10.1 41.00 NOTE
r-release-windows-x86_64 0.10.1 13.00 111.00 124.00 OK
r-oldrel-macos-arm64 0.10.1 25.00 NOTE
r-oldrel-macos-x86_64 0.10.1 48.00 NOTE
r-oldrel-windows-ix86+x86_64 0.10.1 14.00 112.00 126.00 OK

Check Details

Version: 0.10.1
Check: data for non-ASCII characters
Result: NOTE
     Note: found 83 marked UTF-8 strings
Flavors: r-devel-linux-x86_64-fedora-clang, r-devel-linux-x86_64-fedora-gcc, r-release-macos-arm64, r-release-macos-x86_64, r-oldrel-macos-arm64, r-oldrel-macos-x86_64