CRAN Package Check Results for Package strm

Last updated on 2021-09-23 04:56:49 CEST.

Flavor Version Tinstall Tcheck Ttotal Status Flags
r-devel-linux-x86_64-debian-clang 0.1.2 18.35 274.60 292.95 OK
r-devel-linux-x86_64-debian-gcc 0.1.2 16.30 209.46 225.76 OK
r-devel-linux-x86_64-fedora-clang 0.1.2 338.76 OK
r-devel-linux-x86_64-fedora-gcc 0.1.2 356.63 OK
r-devel-windows-x86_64 0.1.2 22.00 238.00 260.00 OK
r-devel-windows-x86_64-gcc10-UCRT 0.1.2 ERROR
r-patched-linux-x86_64 0.1.2 18.09 267.44 285.53 OK
r-patched-solaris-x86 0.1.2 638.60 OK
r-release-linux-x86_64 0.1.2 16.64 267.81 284.45 OK
r-release-macos-arm64 0.1.2 OK
r-release-macos-x86_64 0.1.2 OK
r-release-windows-ix86+x86_64 0.1.2 46.00 233.00 279.00 OK
r-oldrel-macos-x86_64 0.1.2 OK
r-oldrel-windows-ix86+x86_64 0.1.2 31.00 246.00 277.00 OK

Check Details

Version: 0.1.2
Check: package dependencies
Result: ERROR
    Packages required but not available: 'spatialreg', 'rgdal'
    
    Packages suggested but not available for checking:
     'splm', 'spdep', 'sf', 'Ecdat', 'tidycensus'
    
    See section 'The DESCRIPTION file' in the 'Writing R Extensions'
    manual.
Flavor: r-devel-windows-x86_64-gcc10-UCRT