CRAN Package Check Results for Package striprtf

Last updated on 2021-07-29 19:52:43 CEST.

Flavor Version Tinstall Tcheck Ttotal Status Flags
r-devel-linux-x86_64-debian-clang 0.5.2 NOTE
r-devel-linux-x86_64-debian-gcc 0.5.2 18.39 25.43 43.82 NOTE
r-devel-linux-x86_64-fedora-clang 0.5.2 92.52 NOTE
r-devel-linux-x86_64-fedora-gcc 0.5.2 74.64 NOTE
r-devel-windows-x86_64 0.5.2 27.00 66.00 93.00 NOTE
r-devel-windows-x86_64-gcc10-UCRT 0.5.2 NOTE
r-patched-linux-x86_64 0.5.2 21.06 31.07 52.13 NOTE
r-patched-solaris-x86 0.5.2 93.40 NOTE
r-release-linux-x86_64 0.5.2 19.66 31.84 51.50 NOTE
r-release-macos-arm64 0.5.2 NOTE
r-release-macos-x86_64 0.5.2 NOTE
r-release-windows-ix86+x86_64 0.5.2 70.00 58.00 128.00 NOTE
r-oldrel-macos-x86_64 0.5.2 OK
r-oldrel-windows-ix86+x86_64 0.5.2 47.00 84.00 131.00 OK

Check Details

Version: 0.5.2
Check: LazyData
Result: NOTE
     'LazyData' is specified without a 'data' directory
Flavors: r-devel-linux-x86_64-debian-clang, r-devel-linux-x86_64-debian-gcc, r-devel-linux-x86_64-fedora-clang, r-devel-linux-x86_64-fedora-gcc, r-devel-windows-x86_64, r-devel-windows-x86_64-gcc10-UCRT, r-patched-linux-x86_64, r-patched-solaris-x86, r-release-linux-x86_64, r-release-macos-arm64, r-release-macos-x86_64, r-release-windows-ix86+x86_64