CRAN Package Check Results for Package strip

Last updated on 2022-08-11 09:53:30 CEST.

Flavor Version Tinstall Tcheck Ttotal Status Flags
r-devel-linux-x86_64-debian-clang 1.0.0 2.87 43.25 46.12 NOTE
r-devel-linux-x86_64-debian-gcc 1.0.0 1.84 32.08 33.92 NOTE
r-devel-linux-x86_64-fedora-clang 1.0.0 65.89 NOTE
r-devel-linux-x86_64-fedora-gcc 1.0.0 66.32 NOTE
r-devel-windows-x86_64 1.0.0 8.00 71.00 79.00 NOTE
r-patched-linux-x86_64 1.0.0 2.05 40.27 42.32 NOTE
r-release-linux-x86_64 1.0.0 NOTE
r-release-macos-arm64 1.0.0 22.00 NOTE
r-release-macos-x86_64 1.0.0 30.00 NOTE
r-release-windows-x86_64 1.0.0 13.00 68.00 81.00 NOTE
r-oldrel-macos-arm64 1.0.0 29.00 NOTE
r-oldrel-macos-x86_64 1.0.0 33.00 NOTE
r-oldrel-windows-ix86+x86_64 1.0.0 6.00 67.00 73.00 NOTE

Check Details

Version: 1.0.0
Check: LazyData
Result: NOTE
     'LazyData' is specified without a 'data' directory
Flavors: r-devel-linux-x86_64-debian-clang, r-devel-linux-x86_64-debian-gcc, r-devel-linux-x86_64-fedora-clang, r-devel-linux-x86_64-fedora-gcc, r-devel-windows-x86_64, r-patched-linux-x86_64, r-release-linux-x86_64, r-release-macos-arm64, r-release-macos-x86_64, r-release-windows-x86_64, r-oldrel-macos-arm64, r-oldrel-macos-x86_64, r-oldrel-windows-ix86+x86_64